+ -3. Suppose 0 = 6*u - 3*u - 2*g - 46, c = -3*u + 3*g + 45. Calculate the greatest common divisor of 112 and u.
16
Let t = 276 - 224. What is the highest common factor of t and 468?
52
Suppose -s = -64 + 25. What is the greatest common divisor of s and 91?
13
Let j be -2 + (-84)/20 - (-3)/15. Let x be (4 - -84)*(-3)/j. Calculate the highest common divisor of x and 22.
22
Let b be 5/15 + (-62172)/(-108). Calculate the highest common divisor of 18 and b.
18
Let g be 5/((-30)/36) + 325. Calculate the greatest common divisor of g and 116.
29
Let d = -93 - -95. What is the greatest common divisor of 54 and d?
2
Let z(c) = -c**2 + 48*c - 128. Let a be z(38). What is the greatest common factor of a and 189?
63
Let b = -14 + 16. Suppose -4*p - 208 = -5*m, 0 = 5*m - b*p + 7*p - 190. What is the greatest common factor of 5 and m?
5
Suppose 3*a - 5*x - 27 = 28, 0 = 5*x + 10. Suppose 4*d + 5*i - 35 = -d, 3*d = 3*i + a. What is the greatest common factor of d and 3?
3
Suppose -2*t - 4*a - 12 = 0, -5*t = -t + 4*a + 4. Suppose t*c + 32 = i, i - 68 = -3*i + 4*c. What is the greatest common factor of 6 and i?
6
Suppose -99 = 213*g - 216*g. Calculate the highest common factor of 341 and g.
11
Let q be (21 - 0)/(6/20). Let h(f) = -85*f - 6. Let w be h(1). Let c = 98 + w. Calculate the highest common factor of c and q.
7
Let h = -546 + 665. What is the greatest common factor of h and 21?
7
Suppose -4*w + 176 = 4*x, -215 = 13*w - 18*w - 4*x. Suppose -3 = -q - 7. Let l be 52/(-10)*(q + -1). What is the highest common factor of w and l?
13
Let f(h) = -h**3 - 24*h**2 - 32*h + 39. Let x be f(-26). Calculate the greatest common divisor of 114 and x.
57
Let k = -709 + 745. What is the greatest common factor of k and 369?
9
Let n be 0 + (-628)/(-5 + 1). Let o = 77 + n. What is the greatest common divisor of o and 26?
26
Let a = 117 - 105. Let r be 2/6 - (-22)/6. Suppose 2*k - r = a. What is the highest common divisor of k and 64?
8
Let m(f) = -f**3 - 23*f**2 + 51*f + 53. Let u be m(-25). What is the greatest common factor of 2 and u?
2
Let z = -2 - -2. Let p be -1 + 8*(z + 1). Suppose -s + p = 1. What is the greatest common divisor of 66 and s?
6
Suppose -279 - 157 = 4*s - 4*h, 20 = 4*h. Let v = s - -332. Let o = -133 + v. What is the greatest common divisor of 38 and o?
19
Suppose 0 = -2*k - 5*u, 0 = k + 3*u - 234 + 236. Let g = 11 + -7. What is the highest common divisor of k and g?
2
Let s be (-36)/(-10)*50/(40/4). What is the highest common factor of s and 738?
18
Let d be (2/(-4))/(2/8). Let n be d - -4 - (-2 - 4). Let i(h) = -2*h**2 - 14*h - 20. Let x be i(-4). Calculate the greatest common divisor of n and x.
4
Let j = -66 + 12. Let f be (j - -10)*(-1 + -1). Let z(d) = -d + 6. Let t be z(-5). Calculate the highest common divisor of t and f.
11
Suppose 4*y - 76 = 4*l, -7*y + 2*y - 4*l + 140 = 0. Let m(t) = t**3 - 19*t**2 + 8*t - 32. Let p be m(19). What is the greatest common divisor of y and p?
24
Let x be 20/14 + 30/(-70). Let j(u) = 17*u**2 - 2*u + 1. Let k be j(x). What is the greatest common factor of 40 and k?
8
Let y(q) be the second derivative of 37*q**4/4 + q**3/2 - q**2 + 4*q. Let k be y(1). Calculate the greatest common factor of 16 and k.
16
Let s(m) = -m - 30. Let o be s(-25). Let l be o - (1 - 7) - -89. What is the greatest common factor of l and 18?
18
Suppose 0 = 37*c + 1551 - 4918. What is the greatest common divisor of c and 1001?
91
Suppose 6075 + 7653 = 52*s. What is the highest common divisor of 24 and s?
24
Suppose -s = -4*s + 108. Suppose -2*o = 3*w - 132, -4*o + 252 = -0*o + 3*w. Suppose 0 = -7*z + 12*z - o. What is the greatest common divisor of z and s?
12
Suppose 0*f = 3*f + 30. Let a = f + 11. Let b be (45/(-30))/(a/(-12)). What is the greatest common divisor of b and 27?
9
Let r be 31 - (4 + 4 + -4). What is the highest common divisor of r and 1?
1
Suppose 0 = -402*g + 394*g + 1584. What is the greatest common divisor of g and 66?
66
Let y(w) = w + 1. Let n be y(3). Let f be 2/n - 956/(-8). Let j be 2*(-2)/4 + f. Calculate the highest common divisor of j and 17.
17
Suppose -z + 77 = 3*y, -2*z + 6*z - 68 = -2*y. Let u(f) = -f**2 - 5*f + 2. Let m be u(-4). What is the greatest common factor of m and y?
6
Let d(v) = 3*v**2 + 80*v - 15. Let h be d(-27). What is the highest common factor of 162 and h?
6
Let g(l) = 4*l**2 + 14. Let k be g(0). Calculate the highest common factor of 77 and k.
7
Suppose -35*l = -361 - 689. What is the greatest common divisor of 105 and l?
15
Let b(r) = r**2 - 5*r - 28. Let k be b(11). Calculate the greatest common divisor of k and 1387.
19
Let p(y) = 35*y**2 + 3*y - 2. Let v be p(1). Let b = v - 4. What is the greatest common factor of 4 and b?
4
Suppose -2*h + 189 = -3*f, 3*h - 3*f - 815 = -536. Let k(n) = 8*n**2 - 2. Let a be k(-2). Calculate the greatest common factor of h and a.
30
Let h be 140 + -95 - (5 + -1*2). What is the highest common factor of 45 and h?
3
Suppose -4*i + 4*w = -2*i + 12, 3*i - 27 = -3*w. What is the highest common factor of i and 188?
4
Suppose 25*s + 289 = 1489. Calculate the highest common factor of s and 696.
24
Let y be 0/(6/(3/(-1))). Suppose 5*o = 15 - y. Let k(u) = -u**2 - 11*u + 6. Let r be k(-9). Calculate the highest common factor of r and o.
3
Let n be 587/(-9) + 2 + 80/(-45). Let u = n + 68. What is the greatest common factor of u and 21?
3
Suppose -10 + 26 = 4*i. Suppose -4*w + x = -i*x - 26, -w = 2*x. Calculate the highest common divisor of 4 and w.
4
Let l be 1/3*(-4)/((-12)/27). Suppose l*w - 24 = 33. Suppose -5*o - 2*j = -3*j - 92, 5*o - 107 = -4*j. Calculate the greatest common factor of w and o.
19
Let f(l) = l**3 - 8*l**2 + l + 1. Let b be f(8). Suppose 3*q = -5*y + 53, b*y - q = 4*y + 69. Calculate the greatest common divisor of y and 91.
13
Let f = -306 - -501. What is the greatest common factor of 45 and f?
15
Let q(w) = 13*w - 26. Let v be q(3). Suppose -v*d + 476 = -9*d. Let a be 87/5 - (-4)/(-10). Calculate the highest common factor of d and a.
17
Let r be 52/9 - 10/(-45). Suppose 0 = -d - 4*t + 14, 2*d = r*d + 5*t - 1. Let l be 4395/30 + d/4. Calculate the highest common factor of 58 and l.
29
Let q(b) = -b**3 + 35*b**2 + 41*b - 176. Let x be q(36). Suppose -26 = -4*v + 6. What is the highest common divisor of v and x?
4
Let n = -414 - -436. What is the highest common factor of n and 704?
22
Suppose 0 = 4*x + 1 - 41. Suppose 2 = 2*r - x. What is the highest common divisor of r and 30?
6
Suppose 4*r - 102 = -5*a, -2*a - r + 4*r + 27 = 0. Suppose 0 = -6*w + w. Suppose w - 54 = -2*g. What is the highest common divisor of g and a?
9
Let k(y) = -y + 5. Let u be k(-6). Let r(z) = -2*z + 15. Let t be r(0). Suppose -29 = -o + t. Calculate the greatest common factor of u and o.
11
Let v = -77 - -109. Suppose -31*g - 17 = -v*g. Let k(z) = -38*z + 1. Let t be k(-4). Calculate the greatest common factor of g and t.
17
Suppose 0 = 4*y - 116 - 36. Suppose y*i - 42*i = -32. Calculate the highest common divisor of i and 12.
4
Let s = -8 - -29. Suppose 10*v - 45 = 7*v. Suppose 0*q + 27 = q - 5*z, 2*z = q - v. What is the highest common divisor of q and s?
7
Let i = -700 - -714. Suppose -96 = -3*u + 6*u. Let a = u + 53. What is the greatest common factor of a and i?
7
Let z(b) = 2*b**2 - 109*b + 919. Let o be z(8). Let r = 77 + -52. What is the greatest common factor of o and r?
25
Let s be -31*2 - (12/(-2) - -3). Let k = s - -248. Calculate the highest common factor of k and 21.
21
Let k(n) = n**2 + 2*n - 4. Let x be k(-3). Let w(j) = -21*j**3 - j**2 - 3*j - 2. Let i be w(x). Calculate the greatest common factor of 231 and i.
21
Let l = 15 + -10. Let g(v) = 3*v**2 - v - 10. Let a be g(l). Calculate the highest common factor of 40 and a.
20
Let y(o) = 2*o**2 - 30*o + 20. Let q be y(15). Let n be -5 + 2 - q*-4. Calculate the greatest common factor of 11 and n.
11
Suppose -3*u - h + 6*h = -1135, 2*u = -4*h + 742. What is the greatest common factor of u and 150?
75
Let m = -4 - 0. Let q be 15 + m + 0/3. What is the greatest common divisor of 33 and q?
11
Suppose 9*h + 372 = 5*h. Let d = h - -135. Let j = 29 - 8. Calculate the greatest common factor of d and j.
21
Let u = 185 + 125. Calculate the highest common divisor of u and 10.
10
Suppose -3*y + y = -3*i + 23, -14 = -2*i